{"id":1710,"date":"2015-06-27T16:00:25","date_gmt":"2015-06-27T16:00:25","guid":{"rendered":"http:\/\/labouee.fr\/new_site\/?page_id=1710"},"modified":"2021-11-19T17:49:48","modified_gmt":"2021-11-19T17:49:48","slug":"distribution","status":"publish","type":"page","link":"https:\/\/www.labouee.fr\/?page_id=1710","title":{"rendered":"Distribution"},"content":{"rendered":"<section  class=\"wpb_row main_row vc_row-fluid no-seperator\" style=\"text-align:center; color:#ffffff; padding-top:0px; padding-bottom:0px;\"><div class=\"row-inner row-inner-full\">\n\t<div class=\"vc_col-sm-12 wpb_column vc_column_container \">\n\t\t<div class=\"wpb_wrapper\">\n\t\t\t<div class=\"vc_empty_space\"  style=\"height: 70px\" ><span class=\"vc_empty_space_inner\"><\/span><\/div>\n\n<div class=\"vc_empty_space  bleu\"  style=\"height: 10px\" ><span class=\"vc_empty_space_inner\"><\/span><\/div>\n\n<div class=\"wpb_revslider_element wpb_content_element\">\n<div id=\"rev_slider_5_1_wrapper\" class=\"rev_slider_wrapper fullwidthbanner-container\" style=\"margin:0px auto;background-color:#ffffff;padding:0px;margin-top:0px;margin-bottom:0px;max-height:400px;\">\n<!-- START REVOLUTION SLIDER 4.6.9 fullwidth mode -->\n\t<div id=\"rev_slider_5_1\" class=\"rev_slider fullwidthabanner\" style=\"display:none;max-height:400px;height:400px;\">\n<ul>\t<!-- SLIDE  -->\n\t<li data-transition=\"fade\" data-slotamount=\"7\" data-masterspeed=\"1000\"  data-saveperformance=\"off\" >\n\t\t<!-- MAIN IMAGE -->\n\t\t<img decoding=\"async\" src=\"https:\/\/www.labouee.fr\/wp-content\/uploads\/2015\/06\/ban05.jpg\"  alt=\"ban05\"  data-bgposition=\"center top\" data-bgfit=\"cover\" data-bgrepeat=\"no-repeat\">\n\t\t<!-- LAYERS -->\n\t<\/li>\n\t<!-- SLIDE  -->\n\t<li data-transition=\"fade\" data-slotamount=\"7\" data-masterspeed=\"1000\"  data-saveperformance=\"off\" >\n\t\t<!-- MAIN IMAGE -->\n\t\t<img decoding=\"async\" src=\"https:\/\/www.labouee.fr\/wp-content\/uploads\/2015\/06\/ban04.jpg\"  alt=\"ban04\"  data-bgposition=\"center top\" data-bgfit=\"cover\" data-bgrepeat=\"no-repeat\">\n\t\t<!-- LAYERS -->\n\t<\/li>\n\t<!-- SLIDE  -->\n\t<li data-transition=\"fade\" data-slotamount=\"7\" data-masterspeed=\"1000\"  data-saveperformance=\"off\" >\n\t\t<!-- MAIN IMAGE -->\n\t\t<img decoding=\"async\" src=\"https:\/\/www.labouee.fr\/wp-content\/uploads\/2015\/06\/ban06.jpg\"  alt=\"ban06\"  data-bgposition=\"center top\" data-bgfit=\"cover\" data-bgrepeat=\"no-repeat\">\n\t\t<!-- LAYERS -->\n\t<\/li>\n\t<!-- SLIDE  -->\n\t<li data-transition=\"fade\" data-slotamount=\"7\" data-masterspeed=\"1000\"  data-saveperformance=\"off\" >\n\t\t<!-- MAIN IMAGE -->\n\t\t<img decoding=\"async\" src=\"https:\/\/www.labouee.fr\/wp-content\/uploads\/2015\/06\/ban02.jpg\"  alt=\"ban02\"  data-bgposition=\"center top\" data-bgfit=\"cover\" data-bgrepeat=\"no-repeat\">\n\t\t<!-- LAYERS -->\n\t<\/li>\n\t<!-- SLIDE  -->\n\t<li data-transition=\"fade\" data-slotamount=\"7\" data-masterspeed=\"1000\"  data-saveperformance=\"off\" >\n\t\t<!-- MAIN IMAGE -->\n\t\t<img decoding=\"async\" src=\"https:\/\/www.labouee.fr\/wp-content\/uploads\/2015\/06\/ban03.jpeg\"  alt=\"ban03\"  data-bgposition=\"center top\" data-bgfit=\"cover\" data-bgrepeat=\"no-repeat\">\n\t\t<!-- LAYERS -->\n\t<\/li>\n\t<!-- SLIDE  -->\n\t<li data-transition=\"fade\" data-slotamount=\"7\" data-masterspeed=\"1000\"  data-saveperformance=\"off\" >\n\t\t<!-- MAIN IMAGE -->\n\t\t<img decoding=\"async\" src=\"https:\/\/www.labouee.fr\/wp-content\/uploads\/2015\/06\/ban1.jpg\"  alt=\"ban1\"  data-bgposition=\"center top\" data-bgfit=\"cover\" data-bgrepeat=\"no-repeat\">\n\t\t<!-- LAYERS -->\n\t<\/li>\n<\/ul>\n<div class=\"tp-bannertimer tp-bottom\" style=\"visibility: hidden !important;\"><\/div>\t<\/div>\n\t\t\t\n\n\t\t\t<style scoped><\/style>\n\n\t\t\t<script type=\"text\/javascript\">\n\n\t\t\t\t\/******************************************\n\t\t\t\t\t-\tPREPARE PLACEHOLDER FOR SLIDER\t-\n\t\t\t\t******************************************\/\n\t\t\t\t\n\n\t\t\t\tvar setREVStartSize = function() {\n\t\t\t\t\tvar\ttpopt = new Object();\n\t\t\t\t\t\ttpopt.startwidth = 1180;\n\t\t\t\t\t\ttpopt.startheight = 400;\n\t\t\t\t\t\ttpopt.container = jQuery('#rev_slider_5_1');\n\t\t\t\t\t\ttpopt.fullScreen = \"off\";\n\t\t\t\t\t\ttpopt.forceFullWidth=\"off\";\n\n\t\t\t\t\ttpopt.container.closest(\".rev_slider_wrapper\").css({height:tpopt.container.height()});tpopt.width=parseInt(tpopt.container.width(),0);tpopt.height=parseInt(tpopt.container.height(),0);tpopt.bw=tpopt.width\/tpopt.startwidth;tpopt.bh=tpopt.height\/tpopt.startheight;if(tpopt.bh>tpopt.bw)tpopt.bh=tpopt.bw;if(tpopt.bh<tpopt.bw)tpopt.bw=tpopt.bh;if(tpopt.bw<tpopt.bh)tpopt.bh=tpopt.bw;if(tpopt.bh>1){tpopt.bw=1;tpopt.bh=1}if(tpopt.bw>1){tpopt.bw=1;tpopt.bh=1}tpopt.height=Math.round(tpopt.startheight*(tpopt.width\/tpopt.startwidth));if(tpopt.height>tpopt.startheight&&tpopt.autoHeight!=\"on\")tpopt.height=tpopt.startheight;if(tpopt.fullScreen==\"on\"){tpopt.height=tpopt.bw*tpopt.startheight;var cow=tpopt.container.parent().width();var coh=jQuery(window).height();if(tpopt.fullScreenOffsetContainer!=undefined){try{var offcontainers=tpopt.fullScreenOffsetContainer.split(\",\");jQuery.each(offcontainers,function(e,t){coh=coh-jQuery(t).outerHeight(true);if(coh<tpopt.minFullScreenHeight)coh=tpopt.minFullScreenHeight})}catch(e){}}tpopt.container.parent().height(coh);tpopt.container.height(coh);tpopt.container.closest(\".rev_slider_wrapper\").height(coh);tpopt.container.closest(\".forcefullwidth_wrapper_tp_banner\").find(\".tp-fullwidth-forcer\").height(coh);tpopt.container.css({height:\"100%\"});tpopt.height=coh;}else{tpopt.container.height(tpopt.height);tpopt.container.closest(\".rev_slider_wrapper\").height(tpopt.height);tpopt.container.closest(\".forcefullwidth_wrapper_tp_banner\").find(\".tp-fullwidth-forcer\").height(tpopt.height);}\n\t\t\t\t};\n\n\t\t\t\t\/* CALL PLACEHOLDER *\/\n\t\t\t\tsetREVStartSize();\n\n\n\t\t\t\tvar tpj=jQuery;\n\t\t\t\ttpj.noConflict();\n\t\t\t\tvar revapi5;\n\n\t\t\t\ttpj(document).ready(function() {\n\n\t\t\t\tif(tpj('#rev_slider_5_1').revolution == undefined){\n\t\t\t\t\trevslider_showDoubleJqueryError('#rev_slider_5_1');\n\t\t\t\t}else{\n\t\t\t\t   revapi5 = tpj('#rev_slider_5_1').show().revolution(\n\t\t\t\t\t{\t\n\t\t\t\t\t\t\t\t\t\t\t\tdottedOverlay:\"none\",\n\t\t\t\t\t\tdelay:0,\n\t\t\t\t\t\tstartwidth:1180,\n\t\t\t\t\t\tstartheight:400,\n\t\t\t\t\t\thideThumbs:0,\n\n\t\t\t\t\t\tthumbWidth:100,\n\t\t\t\t\t\tthumbHeight:50,\n\t\t\t\t\t\tthumbAmount:5,\n\t\t\t\t\t\t\n\t\t\t\t\t\t\t\t\t\t\t\t\n\t\t\t\t\t\tsimplifyAll:\"off\",\n\n\t\t\t\t\t\tnavigationType:\"none\",\n\t\t\t\t\t\tnavigationArrows:\"solo\",\n\t\t\t\t\t\tnavigationStyle:\"round\",\n\n\t\t\t\t\t\ttouchenabled:\"on\",\n\t\t\t\t\t\tonHoverStop:\"on\",\n\t\t\t\t\t\tnextSlideOnWindowFocus:\"off\",\n\n\t\t\t\t\t\tswipe_threshold: 75,\n\t\t\t\t\t\tswipe_min_touches: 1,\n\t\t\t\t\t\tdrag_block_vertical: false,\n\t\t\t\t\t\t\n\t\t\t\t\t\t\t\t\t\t\t\t\n\t\t\t\t\t\t\t\t\t\t\t\t\n\t\t\t\t\t\tkeyboardNavigation:\"off\",\n\n\t\t\t\t\t\tnavigationHAlign:\"center\",\n\t\t\t\t\t\tnavigationVAlign:\"bottom\",\n\t\t\t\t\t\tnavigationHOffset:0,\n\t\t\t\t\t\tnavigationVOffset:20,\n\n\t\t\t\t\t\tsoloArrowLeftHalign:\"left\",\n\t\t\t\t\t\tsoloArrowLeftValign:\"center\",\n\t\t\t\t\t\tsoloArrowLeftHOffset:20,\n\t\t\t\t\t\tsoloArrowLeftVOffset:0,\n\n\t\t\t\t\t\tsoloArrowRightHalign:\"right\",\n\t\t\t\t\t\tsoloArrowRightValign:\"center\",\n\t\t\t\t\t\tsoloArrowRightHOffset:20,\n\t\t\t\t\t\tsoloArrowRightVOffset:0,\n\n\t\t\t\t\t\tshadow:0,\n\t\t\t\t\t\tfullWidth:\"on\",\n\t\t\t\t\t\tfullScreen:\"off\",\n\n\t\t\t\t\t\t\t\t\t\t\t\tspinner:\"spinner4\",\n\t\t\t\t\t\t\t\t\t\t\t\t\n\t\t\t\t\t\tstopLoop:\"on\",\n\t\t\t\t\t\tstopAfterLoops:0,\n\t\t\t\t\t\tstopAtSlide:1,\n\n\t\t\t\t\t\tshuffle:\"off\",\n\n\t\t\t\t\t\tautoHeight:\"off\",\n\t\t\t\t\t\tforceFullWidth:\"off\",\n\t\t\t\t\t\t\n\t\t\t\t\t\t\n\t\t\t\t\t\thideTimerBar:\"on\",\n\t\t\t\t\t\thideThumbsOnMobile:\"off\",\n\t\t\t\t\t\thideNavDelayOnMobile:1500,\n\t\t\t\t\t\thideBulletsOnMobile:\"off\",\n\t\t\t\t\t\thideArrowsOnMobile:\"off\",\n\t\t\t\t\t\thideThumbsUnderResolution:0,\n\n\t\t\t\t\t\t\t\t\t\t\t\thideSliderAtLimit:0,\n\t\t\t\t\t\thideCaptionAtLimit:0,\n\t\t\t\t\t\thideAllCaptionAtLilmit:0,\n\t\t\t\t\t\tstartWithSlide:0\t\t\t\t\t});\n\n\n\n\t\t\t\t\t\t\t\t\t}\n\t\t\t\t});\t\/*ready*\/\n\n\t\t\t<\/script>\n\n\n\t\t\t<style type=\"text\/css\">\n\t#rev_slider_5_1_wrapper .tp-loader.spinner4 div { background-color: #000032 !important; }\n<\/style>\n<\/div><!-- END REVOLUTION SLIDER --><\/div>\n<div class=\"vc_empty_space  bleu\"  style=\"height: 10px\" ><span class=\"vc_empty_space_inner\"><\/span><\/div>\n\n\n\t\t<\/div> \n\t<\/div> \n<\/div><\/section><section  class=\"wpb_row main_row vc_row-fluid coin_arrondi no-seperator\" style=\"padding-top:50px; padding-bottom:30px;\"><div class=\"row-inner row-inner-fixed\">\n\t<div class=\"vc_col-sm-4 wpb_column vc_column_container \">\n\t\t<div class=\"wpb_wrapper\">\n\t\t\t\n\t<div class=\"wpb_text_column wpb_content_element  div_distri\">\n\t\t<div class=\"wpb_wrapper\">\n\t\t\t<h3 style=\"text-align: justify;\"><a href=\"http:\/\/www.panavisionboutique.com\/\" target=\"_blank\" rel=\"noopener\">PANAVISION BOUTIQUE<\/a><\/h3>\n<p>EMGP- B\u00e2t 217<br \/>\n45, avenue Victor Hugo<br \/>\n93534 AUBERVILLIERS Cedex<br \/>\nTel: +33(1) 48 13 25 55<br \/>\nFax: +33(1) 48 13 25 56<br \/>\nMob: +33(6) 71 41 59 23<br \/>\nAnt. marseillaise: 04 91 20 37 00<\/p>\n\n\t\t<\/div> \n\t<\/div> \n\t<div class=\"wpb_text_column wpb_content_element  div_distri vc_custom_1450426476991\">\n\t\t<div class=\"wpb_wrapper\">\n\t\t\t<h3 style=\"text-align: justify;\"><a href=\"http:\/\/www.photocineshop.com\/fr\/les-resultats?search=la%20bou%C3%A9e&amp;products_type=new\" target=\"_blank\" rel=\"noopener\">PHOTOCINESHOP<\/a><\/h3>\n<p style=\"text-align: justify;\">8 rue de l&#8217;hopital Saint-Louis<br \/>\n75010 Paris<br \/>\nTel: +33(1)\u00a044 84 00 00<br \/>\nTel: +33(1)\u00a042 02 85 24<\/p>\n\n\t\t<\/div> \n\t<\/div> \n\t<div class=\"wpb_text_column wpb_content_element  div_distri vc_custom_1471174710208\">\n\t\t<div class=\"wpb_wrapper\">\n\t\t\t<h3 style=\"text-align: justify;\">FLAM AND CO<\/h3>\n<p style=\"text-align: justify;\">Studio de Bry sur Marne<br \/>\n2 avenue de l&#8217;Europe<br \/>\n94360 Bry sur Marne<br \/>\nTel: +33(1) 49 83 41 60<br \/>\nEmail: flam-bry@outlook.fr<\/p>\n\n\t\t<\/div> \n\t<\/div> \n\t<div class=\"wpb_text_column wpb_content_element  div_distri vc_custom_1528874970905\">\n\t\t<div class=\"wpb_wrapper\">\n\t\t\t<h3 style=\"text-align: justify;\">CINETOOLS SL<\/h3>\n<p style=\"text-align: justify;\">C\/Labrador, 5<br \/>\nMadrid 28005<br \/>\nC\/Buenaventura Munoz, 12<br \/>\nBarcelona 08018<br \/>\nTel: +34\u00a091 34 08 333<br \/>\nTel: +34 65 56 43 453<\/p>\n\n\t\t<\/div> \n\t<\/div> \n\t<div class=\"wpb_text_column wpb_content_element  div_distri vc_custom_1453816225904\">\n\t\t<div class=\"wpb_wrapper\">\n\t\t\t<h3 style=\"text-align: justify;\"><a href=\"http:\/\/www.cinesyl.ro\/\" target=\"_blank\" rel=\"noopener\">CINESYL ROUMANIE<\/a><\/h3>\n<p style=\"text-align: justify;\">SC Movie Concept Factory SRL<br \/>\nBld. Iuliu Mania N\u00b06D-34<br \/>\nSector 6<br \/>\nBucuresti<br \/>\nRomania<\/p>\n\n\t\t<\/div> \n\t<\/div> \n\t\t<\/div> \n\t<\/div> \n\n\t<div class=\"vc_col-sm-4 wpb_column vc_column_container \">\n\t\t<div class=\"wpb_wrapper\">\n\t\t\t\n\t<div class=\"wpb_text_column wpb_content_element  div_distri\">\n\t\t<div class=\"wpb_wrapper\">\n\t\t\t<h3 style=\"text-align: justify;\"><a href=\"http:\/\/www.cineboutique.com\/fr\/\" target=\"_blank\" rel=\"noopener\">CINE BOUTIQUE<\/a><\/h3>\n<p style=\"text-align: left;\">9,rue des fillettes<br \/>\n93210 LA PLAINE SAINT DENIS<br \/>\nTel: +33(1) 49 17 60 54<br \/>\nFax: +33(1) 49 17 60 51<br \/>\nAnt. marseillaise: 04 91 87 73 00<\/p>\n<h3 style=\"text-align: center;\"><strong><a href=\"https:\/\/www.cineboutique.com\/fr\/sandbag\/21-la-bouee.html?search_query=la+bouee&amp;results=7\" target=\"_blank\" rel=\"noopener\">&gt;&gt; Acheter en ligne &lt;&lt;<\/a><\/strong><\/h3>\n\n\t\t<\/div> \n\t<\/div> \n\t<div class=\"wpb_text_column wpb_content_element  div_distri vc_custom_1448375110062\">\n\t\t<div class=\"wpb_wrapper\">\n\t\t\t<h3 style=\"text-align: justify;\"><\/h3>\n<h3 style=\"text-align: justify;\">NEOFLIGHT<\/h3>\n<p style=\"text-align: justify;\">Rochlitzstr.39<br \/>\n04229 Leipzig<br \/>\nGermany<br \/>\nTel: +49 34186723915<\/p>\n\n\t\t<\/div> \n\t<\/div> \n\t<div class=\"wpb_text_column wpb_content_element  div_distri vc_custom_1448370629597\">\n\t\t<div class=\"wpb_wrapper\">\n\t\t\t<h3 style=\"text-align: justify;\"><a href=\"http:\/\/www.nextshot.com\/\" target=\"_blank\" rel=\"noopener\">NEXT SHOT<\/a><\/h3>\n<p style=\"text-align: justify;\">20 rue Amp\u00e8re &#8211; la Cit\u00e9 du Cin\u00e9ma<br \/>\n93200 Saint Denis<br \/>\nTel: +33 (1) 48 91 09 65<\/p>\n\n\t\t<\/div> \n\t<\/div> \n\t<div class=\"wpb_text_column wpb_content_element  div_distri vc_custom_1538076362398\">\n\t\t<div class=\"wpb_wrapper\">\n\t\t\t<h3 style=\"text-align: justify;\">REAL TO REEL<\/h3>\n<p style=\"text-align: justify;\">Philippe Piron<br \/>\n26 square Coghen<br \/>\n1180 Bruxelles<br \/>\nTel: +32479351209<br \/>\nMail:\u00a0<a href=\"mailto:realtoreel@skynet.be\" target=\"_blank\" rel=\"noopener\">realtoreel@skynet.be<\/a><\/p>\n\n\t\t<\/div> \n\t<\/div> \n\t\t<\/div> \n\t<\/div> \n\n\t<div class=\"vc_col-sm-4 wpb_column vc_column_container \">\n\t\t<div class=\"wpb_wrapper\">\n\t\t\t\n\t<div class=\"wpb_text_column wpb_content_element  div_distri\">\n\t\t<div class=\"wpb_wrapper\">\n\t\t\t<h3 style=\"text-align: justify;\"><a href=\"http:\/\/www.visuals.ch\/\" target=\"_blank\" rel=\"noopener\">VISUALS\u00a0GENEVE<\/a><\/h3>\n<p style=\"text-align: justify;\">8 rue du pr\u00e9-Bouvier<br \/>\n1217 Meyrin (Suisse)<br \/>\nTel: 00 41 22 561 0707<\/p>\n\n\t\t<\/div> \n\t<\/div> \n\t<div class=\"wpb_text_column wpb_content_element  div_distri vc_custom_1505736805743\">\n\t\t<div class=\"wpb_wrapper\">\n\t\t\t<h3 style=\"text-align: justify;\">RVZ<\/h3>\n<p style=\"text-align: justify;\">39, rue Maurice Gunsbourg<br \/>\n94200 Ivry-sur-Seine<br \/>\nTel: +33 (1) 47 46 17 00<\/p>\n\n\t\t<\/div> \n\t<\/div> \n\t<div class=\"wpb_text_column wpb_content_element  div_distri vc_custom_1506006204014\">\n\t\t<div class=\"wpb_wrapper\">\n\t\t\t<h3 style=\"text-align: justify;\">LOCA-IMAGES<\/h3>\n<p style=\"text-align: justify;\">173, rue du faubourg Poissoni\u00e8re<br \/>\n75009 Paris<br \/>\nTel: +33 (1) 45 26 58 86<\/p>\n\n\t\t<\/div> \n\t<\/div> \n\t<div class=\"wpb_text_column wpb_content_element  div_distri vc_custom_1448375128048\">\n\t\t<div class=\"wpb_wrapper\">\n\t\t\t<h3 style=\"text-align: justify;\">PANAVISION\u00a0UK<br \/>\nPANASTORE<\/h3>\n<p style=\"text-align: justify;\">Bristol Road<br \/>\nMetropolitan Centre<br \/>\nGreenford, Middlesex<br \/>\nUB6 8GD Great Britain<br \/>\nTel: +44 20 88 73 33<\/p>\n\n\t\t<\/div> \n\t<\/div> \n\t<div class=\"wpb_text_column wpb_content_element  div_distri vc_custom_1451313342663\">\n\t\t<div class=\"wpb_wrapper\">\n\t\t\t<h3 style=\"text-align: justify;\">ASIE DU SUD-EST<\/h3>\n<p style=\"text-align: justify;\">Lu Sheng<br \/>\nFengyai district Chengshousi<br \/>\nArea 2 building 2 Appt 1211<br \/>\n100 164 Beijing<br \/>\nChine<br \/>\nTel: +86 135 816 318 55<br \/>\nEmail : 28051280@qq.com<br \/>\nfilm@komediafrance.com<br \/>\nMr Pan Hai Yong<\/p>\n\n\t\t<\/div> \n\t<\/div> \n\t\t<\/div> \n\t<\/div> \n<\/div><\/section>\n","protected":false},"excerpt":{"rendered":"\/****************************************** - PREPARE PLACEHOLDER FOR SLIDER - ******************************************\/ var setREVStartSize = function() { var tpopt = new Object(); tpopt.startwidth = 1180; tpopt.startheight = 400; tpopt.container = jQuery('#rev_slider_5_2'); tpopt.fullScreen = \"off\"; tpopt.forceFullWidth=\"off\"; tpopt.container.closest(\".rev_slider_wrapper\").css({height:tpopt.container.height()});tpopt.width=parseInt(tpopt.container.width(),0);tpopt.height=parseInt(tpopt.container.height(),0);tpopt.bw=tpopt.width\/tpopt.startwidth;tpopt.bh=tpopt.height\/tpopt.startheight;if(tpopt.bh>tpopt.bw)tpopt.bh=tpopt.bw;if(tpopt.bh1){tpopt.bw=1;tpopt.bh=1}tpopt.height=Math.round(tpopt.startheight*(tpopt.width\/tpopt.startwidth));if(tpopt.height>tpopt.startheight&&tpopt.autoHeight!=\"on\")tpopt.height=tpopt.startheight;if(tpopt.fullScreen==\"on\"){tpopt.height=tpopt.bw*tpopt.startheight;var cow=tpopt.container.parent().width();var coh=jQuery(window).height();if(tpopt.fullScreenOffsetContainer!=undefined){try{var offcontainers=tpopt.fullScreenOffsetContainer.split(\",\");jQuery.each(offcontainers,function(e,t){coh=coh-jQuery(t).outerHeight(true);if(coh","protected":false},"author":1,"featured_media":0,"parent":0,"menu_order":0,"comment_status":"open","ping_status":"open","template":"page-full-width.php","meta":{"footnotes":""},"class_list":["post-1710","page","type-page","status-publish","hentry"],"_links":{"self":[{"href":"https:\/\/www.labouee.fr\/index.php?rest_route=\/wp\/v2\/pages\/1710","targetHints":{"allow":["GET"]}}],"collection":[{"href":"https:\/\/www.labouee.fr\/index.php?rest_route=\/wp\/v2\/pages"}],"about":[{"href":"https:\/\/www.labouee.fr\/index.php?rest_route=\/wp\/v2\/types\/page"}],"author":[{"embeddable":true,"href":"https:\/\/www.labouee.fr\/index.php?rest_route=\/wp\/v2\/users\/1"}],"replies":[{"embeddable":true,"href":"https:\/\/www.labouee.fr\/index.php?rest_route=%2Fwp%2Fv2%2Fcomments&post=1710"}],"version-history":[{"count":55,"href":"https:\/\/www.labouee.fr\/index.php?rest_route=\/wp\/v2\/pages\/1710\/revisions"}],"predecessor-version":[{"id":34531,"href":"https:\/\/www.labouee.fr\/index.php?rest_route=\/wp\/v2\/pages\/1710\/revisions\/34531"}],"wp:attachment":[{"href":"https:\/\/www.labouee.fr\/index.php?rest_route=%2Fwp%2Fv2%2Fmedia&parent=1710"}],"curies":[{"name":"wp","href":"https:\/\/api.w.org\/{rel}","templated":true}]}}